{"id":205,"date":"2022-01-19T15:08:39","date_gmt":"2022-01-19T15:08:39","guid":{"rendered":"https:\/\/www.sariana-berchtold.ch\/?page_id=205"},"modified":"2023-04-20T07:57:00","modified_gmt":"2023-04-20T07:57:00","slug":"work","status":"publish","type":"page","link":"https:\/\/www.sariana-berchtold.ch\/?page_id=205","title":{"rendered":"About"},"content":{"rendered":"\t\t<div data-elementor-type=\"wp-page\" data-elementor-id=\"205\" class=\"elementor elementor-205\">\n\t\t\t\t\t\t\t\t\t<section class=\"elementor-section elementor-top-section elementor-element elementor-element-526117b elementor-section-boxed elementor-section-height-default elementor-section-height-default\" data-id=\"526117b\" data-element_type=\"section\">\n\t\t\t\t\t\t<div class=\"elementor-container elementor-column-gap-default\">\n\t\t\t\t\t<div class=\"elementor-column elementor-col-50 elementor-top-column elementor-element elementor-element-d80ac71\" data-id=\"d80ac71\" data-element_type=\"column\">\n\t\t\t<div class=\"elementor-widget-wrap elementor-element-populated\">\n\t\t\t\t\t\t\t\t<div class=\"elementor-element elementor-element-9376e98 elementor-widget elementor-widget-image\" data-id=\"9376e98\" data-element_type=\"widget\" data-widget_type=\"image.default\">\n\t\t\t\t<div class=\"elementor-widget-container\">\n\t\t\t<style>\/*! elementor - v3.10.1 - 26-01-2023 *\/\n.elementor-widget-image{text-align:center}.elementor-widget-image a{display:inline-block}.elementor-widget-image a img[src$=\".svg\"]{width:48px}.elementor-widget-image img{vertical-align:middle;display:inline-block}<\/style>\t\t\t\t\t\t\t\t\t\t\t\t<img decoding=\"async\" src=\"https:\/\/sariana-berchtold.ch\/wp-content\/uploads\/elementor\/thumbs\/DSC_8812-4-ptdwywhllovc28f46q2zhbm5onecc4mvxyp4mqp208.jpg\" title=\"Sariana Berchtold\" alt=\"Sariana Berchtold\" loading=\"lazy\" \/>\t\t\t\t\t\t\t\t\t\t\t\t\t\t\t<\/div>\n\t\t\t\t<\/div>\n\t\t\t\t\t<\/div>\n\t\t<\/div>\n\t\t\t\t<div class=\"elementor-column elementor-col-50 elementor-top-column elementor-element elementor-element-711ec54\" data-id=\"711ec54\" data-element_type=\"column\">\n\t\t\t<div class=\"elementor-widget-wrap elementor-element-populated\">\n\t\t\t\t\t\t\t\t<div class=\"elementor-element elementor-element-8cfecfa elementor-widget elementor-widget-text-editor\" data-id=\"8cfecfa\" data-element_type=\"widget\" data-settings=\"{&quot;_animation&quot;:&quot;none&quot;}\" data-widget_type=\"text-editor.default\">\n\t\t\t\t<div class=\"elementor-widget-container\">\n\t\t\t<style>\/*! elementor - v3.10.1 - 26-01-2023 *\/\n.elementor-widget-text-editor.elementor-drop-cap-view-stacked .elementor-drop-cap{background-color:#818a91;color:#fff}.elementor-widget-text-editor.elementor-drop-cap-view-framed .elementor-drop-cap{color:#818a91;border:3px solid;background-color:transparent}.elementor-widget-text-editor:not(.elementor-drop-cap-view-default) .elementor-drop-cap{margin-top:8px}.elementor-widget-text-editor:not(.elementor-drop-cap-view-default) .elementor-drop-cap-letter{width:1em;height:1em}.elementor-widget-text-editor .elementor-drop-cap{float:left;text-align:center;line-height:1;font-size:50px}.elementor-widget-text-editor .elementor-drop-cap-letter{display:inline-block}<\/style>\t\t\t\t<p>Sariana, 28, hat Freude am visuellen Geschichten erz\u00e4hlen.<\/p>\n<p>Nach meinem abgeschlossenen Bachelor-Studium in Multimedia Production habe ich mich Teilzeit selbstst\u00e4ndig gemacht.<br>Sei es bei kleineren Projekten, welche ich komplett in Eigenproduktion erarbeite oder gr\u00f6ssere Projekte, bei welchen ich ein Team aus meinem Netzwerk zusammenstelle, das Resultat sind bewegende Geschichten die Emotionen tragen.<\/p>\t\t\t\t\t\t<\/div>\n\t\t\t\t<\/div>\n\t\t\t\t\t<\/div>\n\t\t<\/div>\n\t\t\t\t\t\t\t<\/div>\n\t\t<\/section>\n\t\t\t\t\t\t\t<\/div>\n\t\t","protected":false},"excerpt":{"rendered":"<p>Sariana, 28, hat Freude am visuellen Geschichten erz\u00e4hlen. Nach meinem abgeschlossenen Bachelor-Studium in Multimedia Production habe ich mich Teilzeit selbstst\u00e4ndig gemacht.Sei es bei kleineren Projekten, welche ich komplett in Eigenproduktion erarbeite oder gr\u00f6ssere Projekte, bei welchen ich ein Team aus meinem Netzwerk zusammenstelle, das Resultat sind bewegende Geschichten die Emotionen tragen.<\/p>\n","protected":false},"author":1,"featured_media":0,"parent":0,"menu_order":0,"comment_status":"closed","ping_status":"closed","template":"","meta":[],"featured_media_urls":[],"_links":{"self":[{"href":"https:\/\/www.sariana-berchtold.ch\/index.php?rest_route=\/wp\/v2\/pages\/205"}],"collection":[{"href":"https:\/\/www.sariana-berchtold.ch\/index.php?rest_route=\/wp\/v2\/pages"}],"about":[{"href":"https:\/\/www.sariana-berchtold.ch\/index.php?rest_route=\/wp\/v2\/types\/page"}],"author":[{"embeddable":true,"href":"https:\/\/www.sariana-berchtold.ch\/index.php?rest_route=\/wp\/v2\/users\/1"}],"replies":[{"embeddable":true,"href":"https:\/\/www.sariana-berchtold.ch\/index.php?rest_route=%2Fwp%2Fv2%2Fcomments&post=205"}],"version-history":[{"count":59,"href":"https:\/\/www.sariana-berchtold.ch\/index.php?rest_route=\/wp\/v2\/pages\/205\/revisions"}],"predecessor-version":[{"id":579,"href":"https:\/\/www.sariana-berchtold.ch\/index.php?rest_route=\/wp\/v2\/pages\/205\/revisions\/579"}],"wp:attachment":[{"href":"https:\/\/www.sariana-berchtold.ch\/index.php?rest_route=%2Fwp%2Fv2%2Fmedia&parent=205"}],"curies":[{"name":"wp","href":"https:\/\/api.w.org\/{rel}","templated":true}]}}